{"id":5601,"date":"2020-06-12T23:08:15","date_gmt":"2020-06-12T22:08:15","guid":{"rendered":"http:\/\/lbcomunicazione.org\/?page_id=5601"},"modified":"2020-08-02T23:30:05","modified_gmt":"2020-08-02T22:30:05","slug":"metanoia_page","status":"publish","type":"page","link":"https:\/\/lbcomunicazione.org\/index.php\/metanoia_page\/","title":{"rendered":"Metanoia"},"content":{"rendered":"\r\n<figure class=\"wp-block-image size-large\"><img loading=\"lazy\" decoding=\"async\" class=\"alignnone size-large wp-image-5602\" src=\"https:\/\/lbcomunicazione.org\/wp-content\/uploads\/2020\/06\/metanoia-1024x576.jpg\" alt=\"\" width=\"1024\" height=\"576\" srcset=\"https:\/\/lbcomunicazione.org\/wp-content\/uploads\/2020\/06\/metanoia-1024x576.jpg 1024w, https:\/\/lbcomunicazione.org\/wp-content\/uploads\/2020\/06\/metanoia-300x169.jpg 300w, https:\/\/lbcomunicazione.org\/wp-content\/uploads\/2020\/06\/metanoia-768x432.jpg 768w, https:\/\/lbcomunicazione.org\/wp-content\/uploads\/2020\/06\/metanoia-520x292.jpg 520w, https:\/\/lbcomunicazione.org\/wp-content\/uploads\/2020\/06\/metanoia.jpg 1366w\" sizes=\"auto, (max-width: 1024px) 100vw, 1024px\" \/><\/figure>\r\n<h1>\u00a0<\/h1>\r\n<h1 class=\"wp-block-image size-large\">Metanoia<\/h1>\r\n\r\n\r\n\r\n\r\n\r\n<p class=\"wp-block-paragraph\">Carissimi,<\/p>\r\n<p>la Rubrica &#8220;METANOIA&#8221; sar\u00e0 per tutti Noi viatico verso la LIBERT\u00c0; via che condurr\u00e0 prima alla SERENIT\u00c0, e poi alla PROSPERIT\u00c0.<\/p>\r\n<p>La Storia Umana che racconter\u00f2 ha un NOME, una MISSIONE, un MOTIVO. IO la racconto a Voi; Voi, ai vostri bambini, aggiungendo, ogni volta, la morale!<\/p>\r\n<p>Ho deciso di essere con tutti Voi, il Luned\u00ec e il Gioved\u00ec; due volte a settimana e fino al giorno del ringraziamento.<\/p>\r\n<p>Namast\u00e8.<\/p>\r\n<p><em>H.M. Vittoria MC EU NUK23<\/em> \u00a0<\/p>\r\n<p>&nbsp;<\/p>\r\n<p><div class=\"video-container\"><iframe loading=\"lazy\" title=\"Stive Morgan (B.M.G.) - Time Of Love\" width=\"500\" height=\"281\" src=\"https:\/\/www.youtube.com\/embed\/d7gSgXGqjsM?feature=oembed&#038;wmode=opaque\" frameborder=\"0\" allow=\"accelerometer; autoplay; clipboard-write; encrypted-media; gyroscope; picture-in-picture; web-share\" referrerpolicy=\"strict-origin-when-cross-origin\" allowfullscreen><\/iframe><\/div><\/p>\r\n<p>&nbsp;<\/p>\r\n\r\n\r\n\r\n<h3 class=\"wp-block-heading\">Ricerca tutti gli articoli del progetto<\/h3>\r\n\r\n\r\n\r\n<p class=\"wp-block-paragraph\"><a href=\"https:\/\/lbcomunicazione.org\/index.php\/author\/metanoia\/\">MOSTRA<\/a><\/p>\r\n\r\n<p>&nbsp;<\/p>\r\n<p>&nbsp;<\/p>\r\n\r\n\r\n\r\n\r\n\r\n<h3 class=\"wp-block-heading\">Ultimi articoli pubblicati:<\/h3>\r\n\r\n\r\n<ul class=\"lcp_catlist\" id=\"lcp_instance_0\"><li><a href=\"https:\/\/lbcomunicazione.org\/index.php\/2020\/08\/31\/osa-essere-diverso\/\">OSA ESSERE DIVERSO<\/a><\/li><li><a href=\"https:\/\/lbcomunicazione.org\/index.php\/2020\/08\/08\/buone_vacanze\/\">&#x2764;&#x1f940;&#x2764;  VACANZE &#x2764;&#x1f940;&#x2764;<\/a><\/li><li><a href=\"https:\/\/lbcomunicazione.org\/index.php\/2020\/07\/30\/6371\/\">JANGAN MENYERAH !  = NON ARRENDERTI !<\/a><\/li><li><a href=\"https:\/\/lbcomunicazione.org\/index.php\/2020\/07\/27\/quid-est-veritas\/\">QUID EST VERITAS ?<\/a><\/li><li><a href=\"https:\/\/lbcomunicazione.org\/index.php\/2020\/07\/24\/nella-vecchia-e-nuova-era-giufa-o-gha-o-giucha-o-jocha\/\">NELLA VECCHIA E NUOVA ERA: Giuf\u00e0, o G&#8217;ha, o Giuch\u00e0, o Joch\u00e0<\/a><\/li><li><a href=\"https:\/\/lbcomunicazione.org\/index.php\/2020\/07\/19\/un-vero-amico-hm-hadison-kalbi-manonorang\/\">UN  VERO AMICO: HM  HADISON  KALBI  MANONORANG<\/a><\/li><li><a href=\"https:\/\/lbcomunicazione.org\/index.php\/2020\/07\/16\/il-voucher-m1-per-abbattere-la-poverta-nel-mondo\/\">IL VOUCHER M1, per abbattere la POVERTA&#8217; NEL MONDO<\/a><\/li><li><a href=\"https:\/\/lbcomunicazione.org\/index.php\/2020\/07\/13\/impero-del-regno\/\">L&#8217;IMPERO DEL REGNO<\/a><\/li><li><a href=\"https:\/\/lbcomunicazione.org\/index.php\/2020\/07\/10\/parte-quinta-ricerca-della-verita-manchera-sempre-una-pala-di-terra-per-nascondere-la-verita\/\">Parte Quinta RICERCA DELLA VERIT\u00c0: mancher\u00e0 sempre una pala di terra, per nascondere la Verit\u00e0<\/a><\/li><li><a href=\"https:\/\/lbcomunicazione.org\/index.php\/2020\/07\/05\/parte-quarta-ricerca-della-verita-manchera-sempre-una-pala-di-terra-per-nascondere-la-verita\/\">Parte Quarta RICERCA DELLA VERIT\u00c0: mancher\u00e0 sempre una pala di terra, per nascondere la Verit\u00e0<\/a><\/li><li><a href=\"https:\/\/lbcomunicazione.org\/index.php\/2020\/07\/05\/parte-terza-ricerca-della-verita-manchera-sempre-una-pala-di-terra-per-nascondere-la-verita\/\">Parte Terza RICERCA DELLA VERIT\u00c0: mancher\u00e0 sempre una pala di terra, per nascondere la Verit\u00e0<\/a><\/li><li><a href=\"https:\/\/lbcomunicazione.org\/index.php\/2020\/06\/29\/parte-seconda-ricerca-della-verita-manchera-sempre-una-pala-di-terra-per-nascondere-la-verita\/\">Parte Seconda  RICERCA DELLA VERIT\u00c0: mancher\u00e0 sempre una pala di terra, per nascondere la Verit\u00e0<\/a><\/li><li><a href=\"https:\/\/lbcomunicazione.org\/index.php\/2020\/06\/25\/ricerca-della-verita-manchera-sempre-una-pala-di-terra-per-nascondere-la-verita\/\">RICERCA DELLA VERIT\u00c0 &#8211; mancher\u00e0 sempre una pala di terra, per nascondere la Verit\u00e0<\/a><\/li><li><a href=\"https:\/\/lbcomunicazione.org\/index.php\/2020\/06\/22\/la-parola-discernimento-tra-bene-e-male-libera-scelta-mai-obbligo\/\">LA PAROLA: discernimento tra Bene e Male; libera scelta, mai obbligo.<\/a><\/li><li><a href=\"https:\/\/lbcomunicazione.org\/index.php\/2020\/06\/18\/la-vera-vittoria\/\">LA VERA VITTORIA<\/a><\/li><li><a href=\"https:\/\/lbcomunicazione.org\/index.php\/2020\/06\/18\/lindonesia-nel-nuovo-ordine-mondiale\/\">L&#8217;INDONESIA NEL NUOVO ORDINE MONDIALE<\/a><\/li><li><a href=\"https:\/\/lbcomunicazione.org\/index.php\/2020\/06\/17\/ilsignificato-delle-parole\/\">ILSIGNIFICATO DELLE PAROLE<\/a><\/li><li><a href=\"https:\/\/lbcomunicazione.org\/index.php\/2020\/06\/15\/mr-sino-kimrk681\/\">Mr SINO KIMRK681<\/a><\/li><li><a href=\"https:\/\/lbcomunicazione.org\/index.php\/2020\/06\/14\/metanoia-scelta-consapevole-verso-il-mondo-migliore\/\">METANOIA: &#8220;Scelta consapevole verso il Mondo Migliore&#8221;<\/a><\/li><\/ul>\n","protected":false},"excerpt":{"rendered":"<p>Carissimi, la Rubrica &#8220;METANOIA&#8221; sar\u00e0 per tutti Noi viatico verso la LIBERT\u00c0; via che condurr\u00e0 prima alla SERENIT\u00c0, e poi alla PROSPERIT\u00c0. La Storia Umana che racconter\u00f2 ha un NOME, una MISSIONE, un MOTIVO. IO la racconto a Voi; Voi, ai vostri bambini, aggiungendo, ogni volta, la morale! Ho deciso di essere con tutti Voi, il Luned\u00ec e il Gioved\u00ec; due volte a settimana e fino al giorno del ringraziamento. Namast\u00e8. H.M. Vittoria MC EU NUK23 \u00a0 &nbsp; &nbsp; Ricerca tutti gli articoli del progetto MOSTRA &nbsp; &nbsp; Ultimi articoli pubblicati:<\/p>\n","protected":false},"author":1,"featured_media":0,"parent":0,"menu_order":0,"comment_status":"closed","ping_status":"closed","template":"","meta":{"_crdt_document":"","footnotes":""},"class_list":["post-5601","page","type-page","status-publish","hentry"],"yoast_head":"<!-- This site is optimized with the Yoast SEO plugin v26.9 - https:\/\/yoast.com\/product\/yoast-seo-wordpress\/ -->\n<title>Metanoia - blog TG24 la comunicazione<\/title>\n<meta name=\"description\" content=\"Metanoia - la Rubrica &quot;METANOIA&quot; sar\u00e0 per tutti Noi viatico verso la LIBERT\u00c0; via che condurr\u00e0 prima alla SERENIT\u00c0, e poi alla PROSPERIT\u00c0.\" \/>\n<meta name=\"robots\" content=\"index, follow, max-snippet:-1, max-image-preview:large, max-video-preview:-1\" \/>\n<link rel=\"canonical\" href=\"https:\/\/lbcomunicazione.org\/index.php\/metanoia_page\/\" \/>\n<meta property=\"og:locale\" content=\"it_IT\" \/>\n<meta property=\"og:type\" content=\"article\" \/>\n<meta property=\"og:title\" content=\"Metanoia - blog TG24 la comunicazione\" \/>\n<meta property=\"og:description\" content=\"Metanoia - la Rubrica &quot;METANOIA&quot; sar\u00e0 per tutti Noi viatico verso la LIBERT\u00c0; via che condurr\u00e0 prima alla SERENIT\u00c0, e poi alla PROSPERIT\u00c0.\" \/>\n<meta property=\"og:url\" content=\"https:\/\/lbcomunicazione.org\/index.php\/metanoia_page\/\" \/>\n<meta property=\"og:site_name\" content=\"blog TG24 la comunicazione\" \/>\n<meta property=\"article:publisher\" content=\"https:\/\/www.facebook.com\/beezzup\/\" \/>\n<meta property=\"article:modified_time\" content=\"2020-08-02T22:30:05+00:00\" \/>\n<meta property=\"og:image\" content=\"http:\/\/lbcomunicazione.org\/wp-content\/uploads\/2020\/06\/metanoia-1024x576.jpg\" \/>\n<meta name=\"twitter:card\" content=\"summary_large_image\" \/>\n<meta name=\"twitter:site\" content=\"@beezzup\" \/>\n<meta name=\"twitter:label1\" content=\"Tempo di lettura stimato\" \/>\n\t<meta name=\"twitter:data1\" content=\"1 minuto\" \/>\n<script type=\"application\/ld+json\" class=\"yoast-schema-graph\">{\"@context\":\"https:\/\/schema.org\",\"@graph\":[{\"@type\":\"WebPage\",\"@id\":\"https:\/\/lbcomunicazione.org\/index.php\/metanoia_page\/\",\"url\":\"https:\/\/lbcomunicazione.org\/index.php\/metanoia_page\/\",\"name\":\"Metanoia - blog TG24 la comunicazione\",\"isPartOf\":{\"@id\":\"https:\/\/lbcomunicazione.org\/#website\"},\"primaryImageOfPage\":{\"@id\":\"https:\/\/lbcomunicazione.org\/index.php\/metanoia_page\/#primaryimage\"},\"image\":{\"@id\":\"https:\/\/lbcomunicazione.org\/index.php\/metanoia_page\/#primaryimage\"},\"thumbnailUrl\":\"http:\/\/lbcomunicazione.org\/wp-content\/uploads\/2020\/06\/metanoia-1024x576.jpg\",\"datePublished\":\"2020-06-12T22:08:15+00:00\",\"dateModified\":\"2020-08-02T22:30:05+00:00\",\"description\":\"Metanoia - la Rubrica \\\"METANOIA\\\" sar\u00e0 per tutti Noi viatico verso la LIBERT\u00c0; via che condurr\u00e0 prima alla SERENIT\u00c0, e poi alla PROSPERIT\u00c0.\",\"breadcrumb\":{\"@id\":\"https:\/\/lbcomunicazione.org\/index.php\/metanoia_page\/#breadcrumb\"},\"inLanguage\":\"it-IT\",\"potentialAction\":[{\"@type\":\"ReadAction\",\"target\":[\"https:\/\/lbcomunicazione.org\/index.php\/metanoia_page\/\"]}]},{\"@type\":\"ImageObject\",\"inLanguage\":\"it-IT\",\"@id\":\"https:\/\/lbcomunicazione.org\/index.php\/metanoia_page\/#primaryimage\",\"url\":\"https:\/\/lbcomunicazione.org\/wp-content\/uploads\/2020\/06\/metanoia.jpg\",\"contentUrl\":\"https:\/\/lbcomunicazione.org\/wp-content\/uploads\/2020\/06\/metanoia.jpg\",\"width\":1366,\"height\":768},{\"@type\":\"BreadcrumbList\",\"@id\":\"https:\/\/lbcomunicazione.org\/index.php\/metanoia_page\/#breadcrumb\",\"itemListElement\":[{\"@type\":\"ListItem\",\"position\":1,\"name\":\"Home\",\"item\":\"https:\/\/lbcomunicazione.org\/\"},{\"@type\":\"ListItem\",\"position\":2,\"name\":\"Metanoia\"}]},{\"@type\":\"WebSite\",\"@id\":\"https:\/\/lbcomunicazione.org\/#website\",\"url\":\"https:\/\/lbcomunicazione.org\/\",\"name\":\"blogTG24lacomunicazione.org\",\"description\":\"Siamo una squadra di blogger, che desiderano dare voce a quelle notizie, realt\u00e0, associazioni, che non sono divulgate dai giornali e media\",\"publisher\":{\"@id\":\"https:\/\/lbcomunicazione.org\/#organization\"},\"potentialAction\":[{\"@type\":\"SearchAction\",\"target\":{\"@type\":\"EntryPoint\",\"urlTemplate\":\"https:\/\/lbcomunicazione.org\/?s={search_term_string}\"},\"query-input\":{\"@type\":\"PropertyValueSpecification\",\"valueRequired\":true,\"valueName\":\"search_term_string\"}}],\"inLanguage\":\"it-IT\"},{\"@type\":\"Organization\",\"@id\":\"https:\/\/lbcomunicazione.org\/#organization\",\"name\":\"blogtg24lacomunicazione\",\"url\":\"https:\/\/lbcomunicazione.org\/\",\"logo\":{\"@type\":\"ImageObject\",\"inLanguage\":\"it-IT\",\"@id\":\"https:\/\/lbcomunicazione.org\/#\/schema\/logo\/image\/\",\"url\":\"https:\/\/lbcomunicazione.org\/wp-content\/uploads\/2019\/01\/logo-cfpblogger.jpg\",\"contentUrl\":\"https:\/\/lbcomunicazione.org\/wp-content\/uploads\/2019\/01\/logo-cfpblogger.jpg\",\"width\":680,\"height\":709,\"caption\":\"blogtg24lacomunicazione\"},\"image\":{\"@id\":\"https:\/\/lbcomunicazione.org\/#\/schema\/logo\/image\/\"},\"sameAs\":[\"https:\/\/www.facebook.com\/beezzup\/\",\"https:\/\/x.com\/beezzup\",\"https:\/\/www.instagram.com\/beezzup\/\",\"https:\/\/www.pinterest.it\/beezzup\/\",\"https:\/\/www.youtube.com\/channel\/UCPeEGg5tKdoyOPK--mGE5Yg\"]}]}<\/script>\n<!-- \/ Yoast SEO plugin. -->","yoast_head_json":{"title":"Metanoia - blog TG24 la comunicazione","description":"Metanoia - la Rubrica \"METANOIA\" sar\u00e0 per tutti Noi viatico verso la LIBERT\u00c0; via che condurr\u00e0 prima alla SERENIT\u00c0, e poi alla PROSPERIT\u00c0.","robots":{"index":"index","follow":"follow","max-snippet":"max-snippet:-1","max-image-preview":"max-image-preview:large","max-video-preview":"max-video-preview:-1"},"canonical":"https:\/\/lbcomunicazione.org\/index.php\/metanoia_page\/","og_locale":"it_IT","og_type":"article","og_title":"Metanoia - blog TG24 la comunicazione","og_description":"Metanoia - la Rubrica \"METANOIA\" sar\u00e0 per tutti Noi viatico verso la LIBERT\u00c0; via che condurr\u00e0 prima alla SERENIT\u00c0, e poi alla PROSPERIT\u00c0.","og_url":"https:\/\/lbcomunicazione.org\/index.php\/metanoia_page\/","og_site_name":"blog TG24 la comunicazione","article_publisher":"https:\/\/www.facebook.com\/beezzup\/","article_modified_time":"2020-08-02T22:30:05+00:00","og_image":[{"url":"http:\/\/lbcomunicazione.org\/wp-content\/uploads\/2020\/06\/metanoia-1024x576.jpg","type":"","width":"","height":""}],"twitter_card":"summary_large_image","twitter_site":"@beezzup","twitter_misc":{"Tempo di lettura stimato":"1 minuto"},"schema":{"@context":"https:\/\/schema.org","@graph":[{"@type":"WebPage","@id":"https:\/\/lbcomunicazione.org\/index.php\/metanoia_page\/","url":"https:\/\/lbcomunicazione.org\/index.php\/metanoia_page\/","name":"Metanoia - blog TG24 la comunicazione","isPartOf":{"@id":"https:\/\/lbcomunicazione.org\/#website"},"primaryImageOfPage":{"@id":"https:\/\/lbcomunicazione.org\/index.php\/metanoia_page\/#primaryimage"},"image":{"@id":"https:\/\/lbcomunicazione.org\/index.php\/metanoia_page\/#primaryimage"},"thumbnailUrl":"http:\/\/lbcomunicazione.org\/wp-content\/uploads\/2020\/06\/metanoia-1024x576.jpg","datePublished":"2020-06-12T22:08:15+00:00","dateModified":"2020-08-02T22:30:05+00:00","description":"Metanoia - la Rubrica \"METANOIA\" sar\u00e0 per tutti Noi viatico verso la LIBERT\u00c0; via che condurr\u00e0 prima alla SERENIT\u00c0, e poi alla PROSPERIT\u00c0.","breadcrumb":{"@id":"https:\/\/lbcomunicazione.org\/index.php\/metanoia_page\/#breadcrumb"},"inLanguage":"it-IT","potentialAction":[{"@type":"ReadAction","target":["https:\/\/lbcomunicazione.org\/index.php\/metanoia_page\/"]}]},{"@type":"ImageObject","inLanguage":"it-IT","@id":"https:\/\/lbcomunicazione.org\/index.php\/metanoia_page\/#primaryimage","url":"https:\/\/lbcomunicazione.org\/wp-content\/uploads\/2020\/06\/metanoia.jpg","contentUrl":"https:\/\/lbcomunicazione.org\/wp-content\/uploads\/2020\/06\/metanoia.jpg","width":1366,"height":768},{"@type":"BreadcrumbList","@id":"https:\/\/lbcomunicazione.org\/index.php\/metanoia_page\/#breadcrumb","itemListElement":[{"@type":"ListItem","position":1,"name":"Home","item":"https:\/\/lbcomunicazione.org\/"},{"@type":"ListItem","position":2,"name":"Metanoia"}]},{"@type":"WebSite","@id":"https:\/\/lbcomunicazione.org\/#website","url":"https:\/\/lbcomunicazione.org\/","name":"blogTG24lacomunicazione.org","description":"Siamo una squadra di blogger, che desiderano dare voce a quelle notizie, realt\u00e0, associazioni, che non sono divulgate dai giornali e media","publisher":{"@id":"https:\/\/lbcomunicazione.org\/#organization"},"potentialAction":[{"@type":"SearchAction","target":{"@type":"EntryPoint","urlTemplate":"https:\/\/lbcomunicazione.org\/?s={search_term_string}"},"query-input":{"@type":"PropertyValueSpecification","valueRequired":true,"valueName":"search_term_string"}}],"inLanguage":"it-IT"},{"@type":"Organization","@id":"https:\/\/lbcomunicazione.org\/#organization","name":"blogtg24lacomunicazione","url":"https:\/\/lbcomunicazione.org\/","logo":{"@type":"ImageObject","inLanguage":"it-IT","@id":"https:\/\/lbcomunicazione.org\/#\/schema\/logo\/image\/","url":"https:\/\/lbcomunicazione.org\/wp-content\/uploads\/2019\/01\/logo-cfpblogger.jpg","contentUrl":"https:\/\/lbcomunicazione.org\/wp-content\/uploads\/2019\/01\/logo-cfpblogger.jpg","width":680,"height":709,"caption":"blogtg24lacomunicazione"},"image":{"@id":"https:\/\/lbcomunicazione.org\/#\/schema\/logo\/image\/"},"sameAs":["https:\/\/www.facebook.com\/beezzup\/","https:\/\/x.com\/beezzup","https:\/\/www.instagram.com\/beezzup\/","https:\/\/www.pinterest.it\/beezzup\/","https:\/\/www.youtube.com\/channel\/UCPeEGg5tKdoyOPK--mGE5Yg"]}]}},"_links":{"self":[{"href":"https:\/\/lbcomunicazione.org\/index.php\/wp-json\/wp\/v2\/pages\/5601","targetHints":{"allow":["GET"]}}],"collection":[{"href":"https:\/\/lbcomunicazione.org\/index.php\/wp-json\/wp\/v2\/pages"}],"about":[{"href":"https:\/\/lbcomunicazione.org\/index.php\/wp-json\/wp\/v2\/types\/page"}],"author":[{"embeddable":true,"href":"https:\/\/lbcomunicazione.org\/index.php\/wp-json\/wp\/v2\/users\/1"}],"replies":[{"embeddable":true,"href":"https:\/\/lbcomunicazione.org\/index.php\/wp-json\/wp\/v2\/comments?post=5601"}],"version-history":[{"count":0,"href":"https:\/\/lbcomunicazione.org\/index.php\/wp-json\/wp\/v2\/pages\/5601\/revisions"}],"wp:attachment":[{"href":"https:\/\/lbcomunicazione.org\/index.php\/wp-json\/wp\/v2\/media?parent=5601"}],"curies":[{"name":"wp","href":"https:\/\/api.w.org\/{rel}","templated":true}]}}