{"version":"1.0","provider_name":"blog TG24 la comunicazione","provider_url":"https:\/\/lbcomunicazione.org","author_name":"Pro Claudio Locatelli Reporter support","author_url":"https:\/\/lbcomunicazione.org\/index.php\/author\/proclaudio\/","title":"Gaza, Gaza Parigi \u00e8 con te! - blog TG24 la comunicazione","type":"rich","width":600,"height":338,"html":"<blockquote class=\"wp-embedded-content\" data-secret=\"3Q81XH8pcv\"><a href=\"https:\/\/lbcomunicazione.org\/index.php\/2023\/10\/29\/gaza-gaza-parigi-e-con-te\/\">Gaza, Gaza Parigi \u00e8 con te!<\/a><\/blockquote><iframe sandbox=\"allow-scripts\" security=\"restricted\" src=\"https:\/\/lbcomunicazione.org\/index.php\/2023\/10\/29\/gaza-gaza-parigi-e-con-te\/embed\/#?secret=3Q81XH8pcv\" width=\"600\" height=\"338\" title=\"&#8220;Gaza, Gaza Parigi \u00e8 con te!&#8221; &#8212; blog TG24 la comunicazione\" data-secret=\"3Q81XH8pcv\" frameborder=\"0\" marginwidth=\"0\" marginheight=\"0\" scrolling=\"no\" class=\"wp-embedded-content\"><\/iframe><script type=\"text\/javascript\">\n\/* <![CDATA[ *\/\n\/*! This file is auto-generated *\/\n!function(d,l){\"use strict\";l.querySelector&&d.addEventListener&&\"undefined\"!=typeof URL&&(d.wp=d.wp||{},d.wp.receiveEmbedMessage||(d.wp.receiveEmbedMessage=function(e){var t=e.data;if((t||t.secret||t.message||t.value)&&!\/[^a-zA-Z0-9]\/.test(t.secret)){for(var s,r,n,a=l.querySelectorAll('iframe[data-secret=\"'+t.secret+'\"]'),o=l.querySelectorAll('blockquote[data-secret=\"'+t.secret+'\"]'),c=new RegExp(\"^https?:$\",\"i\"),i=0;i<o.length;i++)o[i].style.display=\"none\";for(i=0;i<a.length;i++)s=a[i],e.source===s.contentWindow&&(s.removeAttribute(\"style\"),\"height\"===t.message?(1e3<(r=parseInt(t.value,10))?r=1e3:~~r<200&&(r=200),s.height=r):\"link\"===t.message&&(r=new URL(s.getAttribute(\"src\")),n=new URL(t.value),c.test(n.protocol))&&n.host===r.host&&l.activeElement===s&&(d.top.location.href=t.value))}},d.addEventListener(\"message\",d.wp.receiveEmbedMessage,!1),l.addEventListener(\"DOMContentLoaded\",function(){for(var e,t,s=l.querySelectorAll(\"iframe.wp-embedded-content\"),r=0;r<s.length;r++)(t=(e=s[r]).getAttribute(\"data-secret\"))||(t=Math.random().toString(36).substring(2,12),e.src+=\"#?secret=\"+t,e.setAttribute(\"data-secret\",t)),e.contentWindow.postMessage({message:\"ready\",secret:t},\"*\")},!1)))}(window,document);\n\/\/# sourceURL=https:\/\/lbcomunicazione.org\/wp-includes\/js\/wp-embed.min.js\n\/* ]]> *\/\n<\/script>\n","thumbnail_url":"https:\/\/lbcomunicazione.org\/wp-content\/uploads\/2023\/10\/photo_2023-10-29_11-38-41.jpg","thumbnail_width":1280,"thumbnail_height":719,"description":"Claudio Locatelli Il giornalista Combattente a Parigi, in una manifestazione, non Autorizzata a favore di Gaza Ascoltando ci\u00f2 che dice Claudio Locatelli la manifestazione per manifestare solidariet\u00e0 a Gaza non \u00e8 stata autorizzata. Per il Reportage di Claudio clicca sulla Foto: La gente il &#8220;Popolo francese&#8221;, ha deciso di scendere in piazza dimostrando di non avere paura e di gridare : &#8221; GAZA, GAZA, PARIGI E&#8217;CON TE!&#8221; &nbsp; Aggiungo io &#8220;comune mortale&#8221; che il Mondo dovrebbe fermarsi e dire BASTA, l&#8217;Italia dovrebbe gridare &#8220;GAZA GAZA L&#8217;ITALIA E&#8217; CON TE!&#8221;. E\u00a0 mi chiedo perch\u00e9 noi non ci siamo mai a dire la&#46;&#46;&#46;"}

Gaza, Gaza Parigi è con te! - blog TG24 la comunicazione

<blockquote class="wp-embedded-content" data-secret="3Q81XH8pcv"><a href="https://lbcomunicazione.org/index.php/2023/10/29/gaza-gaza-parigi-e-con-te/">Gaza, Gaza Parigi è con te!</a></blockquote><iframe sandbox="allow-scripts" security="restricted" src="https://lbcomunicazione.org/index.php/2023/10/29/gaza-gaza-parigi-e-con-te/embed/#?secret=3Q81XH8pcv" width="600" height="338" title="&#8220;Gaza, Gaza Parigi è con te!&#8221; &#8212; blog TG24 la comunicazione" data-secret="3Q81XH8pcv" frameborder="0" marginwidth="0" marginheight="0" scrolling="no" class="wp-embedded-content"></iframe><script type="text/javascript">
/* <![CDATA[ */
/*! This file is auto-generated */
!function(d,l){"use strict";l.querySelector&&d.addEventListener&&"undefined"!=typeof URL&&(d.wp=d.wp||{},d.wp.receiveEmbedMessage||(d.wp.receiveEmbedMessage=function(e){var t=e.data;if((t||t.secret||t.message||t.value)&&!/[^a-zA-Z0-9]/.test(t.secret)){for(var s,r,n,a=l.querySelectorAll('iframe[data-secret="'+t.secret+'"]'),o=l.querySelectorAll('blockquote[data-secret="'+t.secret+'"]'),c=new RegExp("^https?:$","i"),i=0;i<o.length;i++)o[i].style.display="none";for(i=0;i<a.length;i++)s=a[i],e.source===s.contentWindow&&(s.removeAttribute("style"),"height"===t.message?(1e3<(r=parseInt(t.value,10))?r=1e3:~~r<200&&(r=200),s.height=r):"link"===t.message&&(r=new URL(s.getAttribute("src")),n=new URL(t.value),c.test(n.protocol))&&n.host===r.host&&l.activeElement===s&&(d.top.location.href=t.value))}},d.addEventListener("message",d.wp.receiveEmbedMessage,!1),l.addEventListener("DOMContentLoaded",function(){for(var e,t,s=l.querySelectorAll("iframe.wp-embedded-content"),r=0;r<s.length;r++)(t=(e=s[r]).getAttribute("data-secret"))||(t=Math.random().toString(36).substring(2,12),e.src+="#?secret="+t,e.setAttribute("data-secret",t)),e.contentWindow.postMessage({message:"ready",secret:t},"*")},!1)))}(window,document);
//# sourceURL=https://lbcomunicazione.org/wp-includes/js/wp-embed.min.js
/* ]]> */
</script>

Claudio Locatelli Il giornalista Combattente a Parigi, in una manifestazione, non Autorizzata a favore di Gaza Ascoltando ciò che dice Claudio Locatelli la manifestazione per manifestare solidarietà a Gaza non è stata autorizzata. Per il Reportage di Claudio clicca sulla Foto: La gente il &#8220;Popolo francese&#8221;, ha deciso di scendere in piazza dimostrando di non avere paura e di gridare : &#8221; GAZA, GAZA, PARIGI E&#8217;CON TE!&#8221; &nbsp; Aggiungo io &#8220;comune mortale&#8221; che il Mondo dovrebbe fermarsi e dire BASTA, l&#8217;Italia dovrebbe gridare &#8220;GAZA GAZA L&#8217;ITALIA E&#8217; CON TE!&#8221;. E  mi chiedo perché noi non ci siamo mai a dire la&#46;&#46;&#46;
